{"id":16171,"date":"2021-02-03T18:02:34","date_gmt":"2021-02-03T17:02:34","guid":{"rendered":"http:\/\/www.mhm-muenster.de\/cms\/?page_id=16171"},"modified":"2023-02-15T15:46:27","modified_gmt":"2023-02-15T14:46:27","slug":"ths-leichtathletik-mit-hund","status":"publish","type":"page","link":"http:\/\/www.mhm-muenster.de\/cms\/?page_id=16171","title":{"rendered":"THS (Leichtathletik mit Hund)"},"content":{"rendered":"<h2>Winterlaufserie DVG LV Westfalen<\/h2>\n<p>In diesem Winter gab es wieder eine Winterlaufserie.<\/p>\n<p><a href=\"http:\/\/www.mhm-muenster.de\/cms\/wp-content\/uploads\/2022\/11\/Ausschreibung-Winterlaufserie-2022-23_S2.pdf\">Details &#8211; Ausschreibung Winterlaufserie 2022-23<\/a><\/p>\n<p>Alle drei Winterl\u00e4ufe haben mitgemacht<\/p>\n<ul>\n<li>Claudia Tutino<\/li>\n<li>Frederike Br\u00fcckner<\/li>\n<\/ul>\n<p>Und das wurde auch belohnt.<\/p>\n<p><a href=\"http:\/\/www.mhm-muenster.de\/cms\/wp-content\/uploads\/2023\/02\/WhatsApp-Image-2023-02-15-at-11.46.54-e1676472371254.jpeg\" rel=\"lightbox[16171]\"><img loading=\"lazy\" class=\"alignnone size-medium wp-image-18423\" src=\"http:\/\/www.mhm-muenster.de\/cms\/wp-content\/uploads\/2023\/02\/WhatsApp-Image-2023-02-15-at-11.46.54-300x400.jpeg\" alt=\"\" width=\"300\" height=\"400\" \/><\/a><br \/>\nIn der Gesamtwertung von allen drei Winterl\u00e4ufen bei den 5000m in der Altersklasse w19 machte Claudia mit Fine den dritten Platz und Rieke mit Dundee den zweiten Platz.<\/p>\n<p>In der Gesamtwertung aller Winterl\u00e4ufe bei den 2000m machte Rieke mit Fia den dritten Platz.<\/p>\n<p>Insgesamt haben wir den siebten Platz mit \u00fcber 100km geschafft!<br \/>\nHerzlichen Gl\u00fcckwunsch!<\/p>\n<h3>Lauf 2 am 8.1.2022<\/h3>\n<p><a href=\"http:\/\/www.mhm-muenster.de\/cms\/wp-content\/uploads\/2023\/01\/IMG_3143-scaled-e1673369095811.jpg\" rel=\"lightbox[16171]\"><img loading=\"lazy\" class=\"alignnone size-thumbnail wp-image-18354\" src=\"http:\/\/www.mhm-muenster.de\/cms\/wp-content\/uploads\/2023\/01\/IMG_3143-150x150.jpg\" alt=\"\" width=\"150\" height=\"150\" \/><\/a><\/p>\n<ul>\n<li>Anna gewinnt mit Lotta bei den jugendlichen M\u00e4dels die 5 km<\/li>\n<li>Miriam l\u00e4uft bei ihrem ersten 5km Lauf mit Nanu 28 min<\/li>\n<li>Claudia T l\u00e4uft erneut 5 km und kommt nach 27 min ins Ziel. Pers\u00f6nliche Bestleistung<\/li>\n<li>Bettina versucht es das erste Mal mit Take und schafft nach Anfangsschwierigkeiten eine Zeit von 10 Minuten.<\/li>\n<li>Rieke l\u00e4uft mit Fia 8,.. min auf 2km<br \/>\nUnd mit Dundee die 5 km in 21 min<\/li>\n<li>Nina l\u00e4uft mit Marley 2 km und kommt mit 11 min ins Ziel<\/li>\n<li>Anna und Lotta sind auch noch 2km gelaufen. 9:45 min<\/li>\n<\/ul>\n<p><a href=\"http:\/\/www.mhm-muenster.de\/cms\/wp-content\/uploads\/2023\/01\/IMG_3141-scaled-e1673369215148.jpg\" rel=\"lightbox[16171]\"><img loading=\"lazy\" class=\"alignnone size-thumbnail wp-image-18356\" src=\"http:\/\/www.mhm-muenster.de\/cms\/wp-content\/uploads\/2023\/01\/IMG_3141-150x150.jpg\" alt=\"\" width=\"150\" height=\"150\" \/><\/a><\/p>\n<p>Stellvertretend f\u00fcr alle Walker hier ein Foto von Mila 8,5 Jahre und den beiden Hunden mit denen sie insgesamt 7 km gewalkt ist.<\/p>\n<p>Mit dabei beim walking:<\/p>\n<ul>\n<li>Nina und Marley<\/li>\n<li>Sascha und Duffy\/Take<\/li>\n<li>Mila mit Duffy und Pixie<\/li>\n<li>Michael mit Bee<\/li>\n<li>Barbara mit Rudi<\/li>\n<li>Klara mit Cassie und Mitch<\/li>\n<li>Miriam mit Nanu<\/li>\n<li>Claudia mit Fine<\/li>\n<li>Bettina mit Marrlu<\/li>\n<\/ul>\n<h2>THS fit in die Saison April 2021<\/h2>\n<p>Nach der Basisausdauer geht es nun an das Kurzstreckentraining:<\/p>\n<p><a href=\"http:\/\/www.mhm-muenster.de\/cms\/wp-content\/uploads\/2021\/04\/IMG-20210410-WA0000-e1618070370986.jpg\" rel=\"lightbox[16171]\"><img loading=\"lazy\" class=\"alignnone size-thumbnail wp-image-16466\" src=\"http:\/\/www.mhm-muenster.de\/cms\/wp-content\/uploads\/2021\/04\/IMG-20210410-WA0000-150x150.jpg\" alt=\"\" width=\"150\" height=\"150\" \/><\/a><\/p>\n<h2>THS fit in die Saison Februar 2021<\/h2>\n<p>Das Corona-gerechte Fitnessprogramm im DVG geht im Februar weiter &#8211; anklicken um den Text lesen zu k\u00f6nnen:<\/p>\n<p><a href=\"http:\/\/www.mhm-muenster.de\/cms\/wp-content\/uploads\/2021\/02\/dvg-fit-in-die-saison-februar-2020.jpg\" rel=\"lightbox[16171]\"><img loading=\"lazy\" class=\"alignnone wp-image-16305 size-thumbnail\" src=\"http:\/\/www.mhm-muenster.de\/cms\/wp-content\/uploads\/2021\/02\/dvg-fit-in-die-saison-februar-2020-150x150.jpg\" alt=\"\" width=\"150\" height=\"150\" \/><\/a><\/p>\n<p>Und weil der Winter das schwieriger macht, gibt es noch eine Anpassung dazu:<\/p>\n<p><a href=\"http:\/\/www.mhm-muenster.de\/cms\/wp-content\/uploads\/2021\/02\/dvg-ergaenzung-februar-2020.jpg\" rel=\"lightbox[16171]\"><img loading=\"lazy\" class=\"alignnone wp-image-16307 size-thumbnail\" src=\"http:\/\/www.mhm-muenster.de\/cms\/wp-content\/uploads\/2021\/02\/dvg-ergaenzung-februar-2020-150x150.jpg\" alt=\"\" width=\"150\" height=\"150\" \/><\/a><\/p>\n<h2>THS Grundlagenausdauer Januar 2021<\/h2>\n<p>Die THS-Saison 2021 beginnt der DVG Westfalen Corona-gerecht mit einer Aktion f\u00fcr die Grundlagenausdauer. Details gibt es <a href=\"https:\/\/dvg-westfalen.de\/wp-content\/uploads\/2020\/12\/Fit-in-die-THS-Saison-2021-Januar.pdf\">hier<\/a>.<\/p>\n<p>Die Pandemie l\u00e4sst uns nicht zusammen Hundesport treiben, darum hat der DVG f\u00fcr den Januar 2021 einen kleinen Wettbewerb zur Grundlagenausdauer ausgelobt, und jetzt, wo der Januar vorbei ist, sind die bisherigen Ergebnisse da.<\/p>\n<p>Ergebnis\u00fcbersicht <a href=\"http:\/\/www.mhm-muenster.de\/cms\/wp-content\/uploads\/2021\/02\/ths-grundlagenausdauer-2021.pdf\">hier.<\/a><\/p>\n<h2>Turnierhundesport im MHM<\/h2>\n<p>Meldungen zu THS-Turnieren per Meldeschein oder \u00fcber Meldeportal<\/p>\n<ul>\n<li><a href=\"https:\/\/www.dvg-hundesport.de\/file\/aa818408681e693a01687ece65d27fcb.de.0\/02-ths_06-1_ths_-_meldeformular_2022.pdf\">THS-Meldeschein 2022<\/a><\/li>\n<li><a href=\"https:\/\/www.dvg-hundesport.de\/home\/sportarten\/turnierhundsport~17f.de.html\">Informationen zum Turnierhundesport auf den Seiten des DVG<\/a><\/li>\n<li><a href=\"http:\/\/www.mhm-muenster.de\/cms\/wp-content\/uploads\/2007\/12\/Hundef\u00fchrerbesprechung-THS_2019-1.pdf\">Protokoll der Hundef\u00fchrerbesprechung THS<\/a><\/li>\n<\/ul>\n<p><strong>Obmann f\u00fcr Leichtathletik mit Hund (THS)<\/strong><\/p>\n<p><a href=\"http:\/\/www.mhm-muenster.de\/cms\/wp-content\/uploads\/2018\/03\/IMG_4607-e1599807192241.jpg\" rel=\"lightbox[16171]\"><img loading=\"lazy\" class=\"alignnone size-thumbnail wp-image-15893\" src=\"http:\/\/www.mhm-muenster.de\/cms\/wp-content\/uploads\/2018\/03\/IMG_4607-150x150.jpg\" alt=\"\" width=\"150\" height=\"150\" \/><\/a><\/p>\n<p>Dennis Hermann<\/p>\n","protected":false},"excerpt":{"rendered":"<p>Winterlaufserie DVG LV Westfalen In diesem Winter gab es wieder eine Winterlaufserie. Details &#8211; Ausschreibung Winterlaufserie 2022-23 Alle drei Winterl\u00e4ufe haben mitgemacht Claudia Tutino Frederike Br\u00fcckner Und das wurde auch belohnt. In der Gesamtwertung von allen drei Winterl\u00e4ufen bei den 5000m in der Altersklasse w19 machte Claudia mit Fine den dritten Platz und Rieke mit [&hellip;]<\/p>\n","protected":false},"author":12,"featured_media":0,"parent":0,"menu_order":0,"comment_status":"closed","ping_status":"closed","template":"","meta":[],"_links":{"self":[{"href":"http:\/\/www.mhm-muenster.de\/cms\/index.php?rest_route=\/wp\/v2\/pages\/16171"}],"collection":[{"href":"http:\/\/www.mhm-muenster.de\/cms\/index.php?rest_route=\/wp\/v2\/pages"}],"about":[{"href":"http:\/\/www.mhm-muenster.de\/cms\/index.php?rest_route=\/wp\/v2\/types\/page"}],"author":[{"embeddable":true,"href":"http:\/\/www.mhm-muenster.de\/cms\/index.php?rest_route=\/wp\/v2\/users\/12"}],"replies":[{"embeddable":true,"href":"http:\/\/www.mhm-muenster.de\/cms\/index.php?rest_route=%2Fwp%2Fv2%2Fcomments&post=16171"}],"version-history":[{"count":21,"href":"http:\/\/www.mhm-muenster.de\/cms\/index.php?rest_route=\/wp\/v2\/pages\/16171\/revisions"}],"predecessor-version":[{"id":18425,"href":"http:\/\/www.mhm-muenster.de\/cms\/index.php?rest_route=\/wp\/v2\/pages\/16171\/revisions\/18425"}],"wp:attachment":[{"href":"http:\/\/www.mhm-muenster.de\/cms\/index.php?rest_route=%2Fwp%2Fv2%2Fmedia&parent=16171"}],"curies":[{"name":"wp","href":"https:\/\/api.w.org\/{rel}","templated":true}]}}

<h2>Winterlaufserie DVG LV Westfalen</h2>
<p>In diesem Winter gab es wieder eine Winterlaufserie.</p>
<p><a href="http://www.mhm-muenster.de/cms/wp-content/uploads/2022/11/Ausschreibung-Winterlaufserie-2022-23_S2.pdf">Details &#8211; Ausschreibung Winterlaufserie 2022-23</a></p>
<p>Alle drei Winterläufe haben mitgemacht</p>
<ul>
<li>Claudia Tutino</li>
<li>Frederike Brückner</li>
</ul>
<p>Und das wurde auch belohnt.</p>
<p><a href="http://www.mhm-muenster.de/cms/wp-content/uploads/2023/02/WhatsApp-Image-2023-02-15-at-11.46.54-e1676472371254.jpeg" rel="lightbox[16171]"><img loading="lazy" class="alignnone size-medium wp-image-18423" src="http://www.mhm-muenster.de/cms/wp-content/uploads/2023/02/WhatsApp-Image-2023-02-15-at-11.46.54-300x400.jpeg" alt="" width="300" height="400" /></a><br />
In der Gesamtwertung von allen drei Winterläufen bei den 5000m in der Altersklasse w19 machte Claudia mit Fine den dritten Platz und Rieke mit Dundee den zweiten Platz.</p>
<p>In der Gesamtwertung aller Winterläufe bei den 2000m machte Rieke mit Fia den dritten Platz.</p>
<p>Insgesamt haben wir den siebten Platz mit über 100km geschafft!<br />
Herzlichen Glückwunsch!</p>
<h3>Lauf 2 am 8.1.2022</h3>
<p><a href="http://www.mhm-muenster.de/cms/wp-content/uploads/2023/01/IMG_3143-scaled-e1673369095811.jpg" rel="lightbox[16171]"><img loading="lazy" class="alignnone size-thumbnail wp-image-18354" src="http://www.mhm-muenster.de/cms/wp-content/uploads/2023/01/IMG_3143-150x150.jpg" alt="" width="150" height="150" /></a></p>
<ul>
<li>Anna gewinnt mit Lotta bei den jugendlichen Mädels die 5 km</li>
<li>Miriam läuft bei ihrem ersten 5km Lauf mit Nanu 28 min</li>
<li>Claudia T läuft erneut 5 km und kommt nach 27 min ins Ziel. Persönliche Bestleistung</li>
<li>Bettina versucht es das erste Mal mit Take und schafft nach Anfangsschwierigkeiten eine Zeit von 10 Minuten.</li>
<li>Rieke läuft mit Fia 8,.. min auf 2km<br />
Und mit Dundee die 5 km in 21 min</li>
<li>Nina läuft mit Marley 2 km und kommt mit 11 min ins Ziel</li>
<li>Anna und Lotta sind auch noch 2km gelaufen. 9:45 min</li>
</ul>
<p><a href="http://www.mhm-muenster.de/cms/wp-content/uploads/2023/01/IMG_3141-scaled-e1673369215148.jpg" rel="lightbox[16171]"><img loading="lazy" class="alignnone size-thumbnail wp-image-18356" src="http://www.mhm-muenster.de/cms/wp-content/uploads/2023/01/IMG_3141-150x150.jpg" alt="" width="150" height="150" /></a></p>
<p>Stellvertretend für alle Walker hier ein Foto von Mila 8,5 Jahre und den beiden Hunden mit denen sie insgesamt 7 km gewalkt ist.</p>
<p>Mit dabei beim walking:</p>
<ul>
<li>Nina und Marley</li>
<li>Sascha und Duffy/Take</li>
<li>Mila mit Duffy und Pixie</li>
<li>Michael mit Bee</li>
<li>Barbara mit Rudi</li>
<li>Klara mit Cassie und Mitch</li>
<li>Miriam mit Nanu</li>
<li>Claudia mit Fine</li>
<li>Bettina mit Marrlu</li>
</ul>
<h2>THS fit in die Saison April 2021</h2>
<p>Nach der Basisausdauer geht es nun an das Kurzstreckentraining:</p>
<p><a href="http://www.mhm-muenster.de/cms/wp-content/uploads/2021/04/IMG-20210410-WA0000-e1618070370986.jpg" rel="lightbox[16171]"><img loading="lazy" class="alignnone size-thumbnail wp-image-16466" src="http://www.mhm-muenster.de/cms/wp-content/uploads/2021/04/IMG-20210410-WA0000-150x150.jpg" alt="" width="150" height="150" /></a></p>
<h2>THS fit in die Saison Februar 2021</h2>
<p>Das Corona-gerechte Fitnessprogramm im DVG geht im Februar weiter &#8211; anklicken um den Text lesen zu können:</p>
<p><a href="http://www.mhm-muenster.de/cms/wp-content/uploads/2021/02/dvg-fit-in-die-saison-februar-2020.jpg" rel="lightbox[16171]"><img loading="lazy" class="alignnone wp-image-16305 size-thumbnail" src="http://www.mhm-muenster.de/cms/wp-content/uploads/2021/02/dvg-fit-in-die-saison-februar-2020-150x150.jpg" alt="" width="150" height="150" /></a></p>
<p>Und weil der Winter das schwieriger macht, gibt es noch eine Anpassung dazu:</p>
<p><a href="http://www.mhm-muenster.de/cms/wp-content/uploads/2021/02/dvg-ergaenzung-februar-2020.jpg" rel="lightbox[16171]"><img loading="lazy" class="alignnone wp-image-16307 size-thumbnail" src="http://www.mhm-muenster.de/cms/wp-content/uploads/2021/02/dvg-ergaenzung-februar-2020-150x150.jpg" alt="" width="150" height="150" /></a></p>
<h2>THS Grundlagenausdauer Januar 2021</h2>
<p>Die THS-Saison 2021 beginnt der DVG Westfalen Corona-gerecht mit einer Aktion für die Grundlagenausdauer. Details gibt es <a href="https://dvg-westfalen.de/wp-content/uploads/2020/12/Fit-in-die-THS-Saison-2021-Januar.pdf">hier</a>.</p>
<p>Die Pandemie lässt uns nicht zusammen Hundesport treiben, darum hat der DVG für den Januar 2021 einen kleinen Wettbewerb zur Grundlagenausdauer ausgelobt, und jetzt, wo der Januar vorbei ist, sind die bisherigen Ergebnisse da.</p>
<p>Ergebnisübersicht <a href="http://www.mhm-muenster.de/cms/wp-content/uploads/2021/02/ths-grundlagenausdauer-2021.pdf">hier.</a></p>
<h2>Turnierhundesport im MHM</h2>
<p>Meldungen zu THS-Turnieren per Meldeschein oder über Meldeportal</p>
<ul>
<li><a href="https://www.dvg-hundesport.de/file/aa818408681e693a01687ece65d27fcb.de.0/02-ths_06-1_ths_-_meldeformular_2022.pdf">THS-Meldeschein 2022</a></li>
<li><a href="https://www.dvg-hundesport.de/home/sportarten/turnierhundsport~17f.de.html">Informationen zum Turnierhundesport auf den Seiten des DVG</a></li>
<li><a href="http://www.mhm-muenster.de/cms/wp-content/uploads/2007/12/Hundeführerbesprechung-THS_2019-1.pdf">Protokoll der Hundeführerbesprechung THS</a></li>
</ul>
<p><strong>Obmann für Leichtathletik mit Hund (THS)</strong></p>
<p><a href="http://www.mhm-muenster.de/cms/wp-content/uploads/2018/03/IMG_4607-e1599807192241.jpg" rel="lightbox[16171]"><img loading="lazy" class="alignnone size-thumbnail wp-image-15893" src="http://www.mhm-muenster.de/cms/wp-content/uploads/2018/03/IMG_4607-150x150.jpg" alt="" width="150" height="150" /></a></p>
<p>Dennis Hermann</p>

<p>Winterlaufserie DVG LV Westfalen In diesem Winter gab es wieder eine Winterlaufserie. Details &#8211; Ausschreibung Winterlaufserie 2022-23 Alle drei Winterläufe haben mitgemacht Claudia Tutino Frederike Brückner Und das wurde auch belohnt. In der Gesamtwertung von allen drei Winterläufen bei den 5000m in der Altersklasse w19 machte Claudia mit Fine den dritten Platz und Rieke mit [&hellip;]</p>
