{"id":49,"date":"2007-12-12T15:47:59","date_gmt":"2007-12-12T14:47:59","guid":{"rendered":"http:\/\/mhm-muenster.de\/cms\/?page_id=49"},"modified":"2019-06-11T19:06:21","modified_gmt":"2019-06-11T18:06:21","slug":"impressum","status":"publish","type":"page","link":"http:\/\/www.mhm-muenster.de\/cms\/?page_id=49","title":{"rendered":"Impressum"},"content":{"rendered":"<p>Angaben gem. \u00a7 5 TMG<\/p>\n<h3>Betreiber und Kontakt<\/h3>\n<p>Sandra Z\u00fcnkeler<\/p>\n<p>Mensch &amp; Hund im M\u00fcnsterland e.V.<br \/>\nHessenweg 2<br \/>\n48157 M\u00fcnster<\/p>\n<p><strong><span style=\"color: #ff0000;\">Postadresse f\u00fcr offizielle Belange:<\/span><\/strong><\/p>\n<p><strong><span style=\"color: #ff0000;\">Sandra Z\u00fcnkeler Wieth\u00f6lter Damm 48 a 48159 M\u00fcnster<\/span><\/strong><\/p>\n<h3><strong>Internet:<\/strong><\/h3>\n<p><a href=\"http:\/\/www.mhm-muenster.de\">www.mhm-muenster.de<br \/>\n<\/a><\/p>\n<h3><strong>Vertretungsberechtigt:<\/strong><\/h3>\n<p>1. Vorsitzende\/r oder 2. Vorsitzende\/r mit einem weiteren Vorstandsmitglied.<\/p>\n<p>Registergericht: Amtsgericht M\u00fcnster<br \/>\nRegisternummer: VR 4307<br \/>\nSteuernummer: 336\/5827\/4678<br \/>\nGemeinn\u00fctzigkeit anerkannt laut Bescheid vom 04.04.2019.<\/p>\n<p>Inhaltlich Verantwortlicher gem\u00e4ss \u00a7 6 MDStV: Dennis Hermann<\/p>\n<h3><strong>Haftungshinweis:<\/strong><\/h3>\n<p>Trotz sorgf\u00e4ltiger inhaltlicher Kontrolle \u00fcbernehmen wir keine Haftung f\u00fcr die Inhalte externer Links. F\u00fcr den Inhalt der verlinkten Seiten sind ausschliesslich deren Betreiber verantwortlich.<\/p>\n<h3><b>Online-Streitbeilegung gem\u00e4\u00df Art. 14 Abs. 1 ODR-VO<\/b><\/h3>\n<p>Die Europ\u00e4ische Kommission stellt eine Plattform zur Online-Streitbeilegung (OS) bereit, die Sie unter&nbsp;<a href=\"http:\/\/ec.europa.eu\/consumers\/odr\/\">http:\/\/ec.europa.eu\/consumers\/odr\/<\/a>&nbsp;finden.<\/p>\n","protected":false},"excerpt":{"rendered":"<p>Angaben gem. \u00a7 5 TMG Betreiber und Kontakt Sandra Z\u00fcnkeler Mensch &amp; Hund im M\u00fcnsterland e.V. Hessenweg 2 48157 M\u00fcnster Postadresse f\u00fcr offizielle Belange: Sandra Z\u00fcnkeler Wieth\u00f6lter Damm 48 a 48159 M\u00fcnster Internet: www.mhm-muenster.de Vertretungsberechtigt: 1. Vorsitzende\/r oder 2. Vorsitzende\/r mit einem weiteren Vorstandsmitglied. Registergericht: Amtsgericht M\u00fcnster Registernummer: VR 4307 Steuernummer: 336\/5827\/4678 Gemeinn\u00fctzigkeit anerkannt laut [&hellip;]<\/p>\n","protected":false},"author":1,"featured_media":0,"parent":0,"menu_order":0,"comment_status":"open","ping_status":"open","template":"","meta":[],"_links":{"self":[{"href":"http:\/\/www.mhm-muenster.de\/cms\/index.php?rest_route=\/wp\/v2\/pages\/49"}],"collection":[{"href":"http:\/\/www.mhm-muenster.de\/cms\/index.php?rest_route=\/wp\/v2\/pages"}],"about":[{"href":"http:\/\/www.mhm-muenster.de\/cms\/index.php?rest_route=\/wp\/v2\/types\/page"}],"author":[{"embeddable":true,"href":"http:\/\/www.mhm-muenster.de\/cms\/index.php?rest_route=\/wp\/v2\/users\/1"}],"replies":[{"embeddable":true,"href":"http:\/\/www.mhm-muenster.de\/cms\/index.php?rest_route=%2Fwp%2Fv2%2Fcomments&post=49"}],"version-history":[{"count":31,"href":"http:\/\/www.mhm-muenster.de\/cms\/index.php?rest_route=\/wp\/v2\/pages\/49\/revisions"}],"predecessor-version":[{"id":15400,"href":"http:\/\/www.mhm-muenster.de\/cms\/index.php?rest_route=\/wp\/v2\/pages\/49\/revisions\/15400"}],"wp:attachment":[{"href":"http:\/\/www.mhm-muenster.de\/cms\/index.php?rest_route=%2Fwp%2Fv2%2Fmedia&parent=49"}],"curies":[{"name":"wp","href":"https:\/\/api.w.org\/{rel}","templated":true}]}}